{"id":2885,"date":"2020-09-24T03:21:26","date_gmt":"2020-09-24T03:21:26","guid":{"rendered":"http:\/\/localhost:8888\/webio\/?page_id=2885"},"modified":"2026-03-03T15:56:51","modified_gmt":"2026-03-03T14:56:51","slug":"about-us","status":"publish","type":"page","link":"https:\/\/vesta-ubezpieczenia.pl\/?page_id=2885","title":{"rendered":"O nas"},"content":{"rendered":"\t\t<div data-elementor-type=\"wp-page\" data-elementor-id=\"2885\" class=\"elementor elementor-2885\">\n\t\t\t\t\t\t<section class=\"elementor-section elementor-top-section elementor-element elementor-element-762844d elementor-section-content-top elementor-section-boxed elementor-section-height-default elementor-section-height-default\" data-id=\"762844d\" data-element_type=\"section\">\n\t\t\t\t\t\t<div class=\"elementor-container elementor-column-gap-wider\">\n\t\t\t\t\t<div class=\"elementor-column elementor-col-50 elementor-top-column elementor-element elementor-element-5dd950f\" data-id=\"5dd950f\" data-element_type=\"column\">\n\t\t\t<div class=\"elementor-widget-wrap elementor-element-populated\">\n\t\t\t\t\t\t<div class=\"elementor-element elementor-element-5f5e9ce elementor-widget elementor-widget-image\" data-id=\"5f5e9ce\" data-element_type=\"widget\" data-widget_type=\"image.default\">\n\t\t\t\t\t\t\t\t\t\t\t\t\t\t\t<img fetchpriority=\"high\" decoding=\"async\" width=\"685\" height=\"761\" src=\"https:\/\/vesta-ubezpieczenia.pl\/wp-content\/uploads\/2020\/08\/years-of-experience-5.png\" class=\"attachment-large size-large wp-image-2258\" alt=\"\" srcset=\"https:\/\/vesta-ubezpieczenia.pl\/wp-content\/uploads\/2020\/08\/years-of-experience-5.png 685w, https:\/\/vesta-ubezpieczenia.pl\/wp-content\/uploads\/2020\/08\/years-of-experience-5-270x300.png 270w\" sizes=\"(max-width: 685px) 100vw, 685px\" \/>\t\t\t\t\t\t\t\t\t\t\t\t\t\t\t<\/div>\n\t\t\t\t\t<\/div>\n\t\t<\/div>\n\t\t\t\t<div class=\"elementor-column elementor-col-50 elementor-top-column elementor-element elementor-element-f95489f\" data-id=\"f95489f\" data-element_type=\"column\">\n\t\t\t<div class=\"elementor-widget-wrap elementor-element-populated\">\n\t\t\t\t\t\t<div class=\"elementor-element elementor-element-523f47e elementor-widget elementor-widget-heading\" data-id=\"523f47e\" data-element_type=\"widget\" data-widget_type=\"heading.default\">\n\t\t\t\t\t<h6 class=\"elementor-heading-title elementor-size-default\">O NAS<\/h6>\t\t\t\t<\/div>\n\t\t\t\t<div class=\"elementor-element elementor-element-638f999 elementor-widget elementor-widget-heading\" data-id=\"638f999\" data-element_type=\"widget\" data-widget_type=\"heading.default\">\n\t\t\t\t\t<h2 class=\"elementor-heading-title elementor-size-default\">Multiagencja Ubezpieczeniowa <span class=\"theme-primary-color\">Vesta<\/span><\/h2>\t\t\t\t<\/div>\n\t\t\t\t<div class=\"elementor-element elementor-element-213b182 elementor-widget elementor-widget-text-editor\" data-id=\"213b182\" data-element_type=\"widget\" data-widget_type=\"text-editor.default\">\n\t\t\t\t\t\t\t\t\t<p>Multiagencja Ubezpieczeniowa <strong>Vesta<\/strong> powsta\u0142a z my\u015bl\u0105 o osobach, kt\u00f3re oczekuj\u0105 od ubezpiecze\u0144 czego\u015b wi\u0119cej ni\u017c tylko polisy. Nasz\u0105 misj\u0105 jest <strong>realna ochrona klient\u00f3w, spok\u00f3j na co dzie\u0144 oraz pewno\u015b\u0107, \u017ce w trudnym momencie nie zostan\u0105 sami<\/strong>. W centrum wszystkich naszych dzia\u0142a\u0144 zawsze stawiamy <strong>dobro klienta, uczciwo\u015b\u0107 oraz najwy\u017csz\u0105 jako\u015b\u0107 obs\u0142ugi<\/strong>.<\/p>\t\t\t\t\t\t\t\t<\/div>\n\t\t\t\t<div class=\"elementor-element elementor-element-b25d67e elementor-widget elementor-widget-text-editor\" data-id=\"b25d67e\" data-element_type=\"widget\" data-widget_type=\"text-editor.default\">\n\t\t\t\t\t\t\t\t\tDzia\u0142amy jako niezale\u017cna multiagencja ubezpieczeniowa, co oznacza, \u017ce <b>wsp\u00f3\u0142pracujemy z wieloma renomowanymi towarzystwami ubezpieczeniowymi<\/b>. Dzi\u0119ki temu mo\u017cemy por\u00f3wnywa\u0107 oferty i dobiera\u0107 rozwi\u0105zania najlepiej dopasowane do indywidualnych potrzeb \u2013 bez narzucania jednego produktu, bez presji sprzeda\u017cowej i bez kompromis\u00f3w kosztem klienta.\n<p>\n<h3>Klient na pierwszym miejscu<\/h3>\nW Vesta wierzymy, \u017ce\u00a0<b>dobre ubezpieczenie zaczyna si\u0119 od rozmowy<\/b>. Zanim zaproponujemy jak\u0105kolwiek polis\u0119, dok\u0142adnie analizujemy sytuacj\u0119 klienta, jego potrzeby, oczekiwania oraz bud\u017cet. T\u0142umaczymy warunki w spos\u00f3b jasny i zrozumia\u0142y, zwracaj\u0105c uwag\u0119 na realny zakres ochrony, a nie tylko na cen\u0119.\n<p>\nNie sprzedajemy \u201ena si\u0142\u0119\u201d \u2013\u00a0<b>doradzamy odpowiedzialnie<\/b>. Naszym celem jest d\u0142ugofalowa wsp\u00f3\u0142praca oparta na zaufaniu, a nie jednorazowa transakcja.\n<h3><span style=\"color: #000000;\"><span style=\"font-family: Helvetica;\">Kompleksowa oferta \u2013 ca\u0142a Polska<\/span><\/span><\/h3>\n<p>\nOferujemy\u00a0<b> pe\u0142en zakres ubezpiecze\u0144<\/b> dla klient\u00f3w indywidualnych oraz firm na terenie\u00a0<b>ca\u0142ej Polski<\/b>, zar\u00f3wno w formie zdalnej, jak i bezpo\u015bredniej. W naszej ofercie znajduj\u0105 si\u0119\u00a0m.in:\n<p>\n\n\u2714\ufe0f ubezpieczenia komunikacyjne (OC, AC, NNW, Assistance),\n<p>\n\u2714\ufe0f ubezpieczenia maj\u0105tkowe (domy, mieszkania, nieruchomo\u015bci),\n<p>\n\u2714\ufe0f <\/span>ubezpieczenia na \u017cycie i zdrowotne,\n<p>\n\u2714\ufe0f ubezpieczenia turystyczne,\n<p>\n\u2714\ufe0f ubezpieczenia dla firm i przedsi\u0119biorc\u00f3w,\n<p>\u2714\ufe0f <\/span>ubezpieczenia specjalistyczne dopasowane do konkretnych bran\u017c.\n\n<p>\nDzi\u0119ki nowoczesnym rozwi\u0105zaniom i obs\u0142udze zdalnej mo\u017cemy\u00a0<b>szybko i sprawnie pomaga\u0107 klientom z ka\u017cdego regionu kraju<\/b>, bez utraty jako\u015bci i indywidualnego podej\u015bcia.<\/span><\/span><\/span>\n<h3><span style=\"color: #000000;\"><span style=\"font-family: Helvetica;\">Jako\u015b\u0107, odpowiedzialno\u015b\u0107 i wsparcie po sprzeda\u017cy<\/span><\/span><\/h3>\n<p>\nDla nas ubezpieczenie nie ko\u0144czy si\u0119 w momencie podpisania umowy. W Vesta zapewniamy\u00a0<b>pe\u0142ne wsparcie tak\u017ce po zakupie polisy<\/b>\u00a0\u2013 przypominamy o ko\u0144cz\u0105cych si\u0119 umowach, pomagamy w zmianach, aktualizacjach oraz wspieramy klient\u00f3w w procesie likwidacji szk\u00f3d.\n<p>\nWiemy, \u017ce w\u0142a\u015bnie wtedy \u2013 w trudnych i stresuj\u0105cych sytuacjach \u2013\u00a0<b>rola agenta ubezpieczeniowego jest najwa\u017cniejsza<\/b>. Dlatego jeste\u015bmy dost\u0119pni, zaanga\u017cowani i gotowi do dzia\u0142ania.\n<h3><span style=\"color: #000000;\"><span style=\"font-family: Helvetica;\">Dlaczego Vesta?<\/span><\/span><\/h3>\n<p>\n\u2714\ufe0f kierujemy si\u0119 dobrem klienta, nie prowizj\u0105,\n<p>\n\u2714\ufe0f oferujemy rzetelne doradztwo i przejrzyste warunki\n<p>\n\u2714\ufe0f dbamy o najwy\u017csz\u0105 jako\u015b\u0107 obs\u0142ugi\n<p>\n\u2714\ufe0f budujemy d\u0142ugoterminowe relacje\n<p>\n\u2714\ufe0f dzia\u0142amy profesjonalnie i odpowiedzialnie\n<p>\n<h3><span style=\"color: #000000;\"><span style=\"font-family: Helvetica;\">Nasza filozofia<\/span><\/span><\/h3>\nUbezpieczenia to nie tylko dokumenty \u2013 to\u00a0<b>poczucie bezpiecze\u0144stwa, stabilno\u015b\u0107 i spok\u00f3j<\/b>. W Vesta traktujemy nasz\u0105 prac\u0119 jako odpowiedzialno\u015b\u0107 wobec ludzi, kt\u00f3rzy nam zaufali. Ka\u017cdego dnia dok\u0142adamy stara\u0144, aby standard naszych us\u0142ug by\u0142 na najwy\u017cszym poziomie, a klienci mieli pewno\u015b\u0107, \u017ce ich sprawy s\u0105 w dobrych r\u0119kach.\t\t\t\t\t\t\t\t<\/div>\n\t\t\t\t<section class=\"elementor-section elementor-inner-section elementor-element elementor-element-e64454e elementor-section-boxed elementor-section-height-default elementor-section-height-default\" data-id=\"e64454e\" data-element_type=\"section\">\n\t\t\t\t\t\t<div class=\"elementor-container elementor-column-gap-default\">\n\t\t\t\t\t<div class=\"elementor-column elementor-col-50 elementor-inner-column elementor-element elementor-element-8faf39b\" data-id=\"8faf39b\" data-element_type=\"column\">\n\t\t\t<div class=\"elementor-widget-wrap elementor-element-populated\">\n\t\t\t\t\t\t<div class=\"elementor-element elementor-element-44ae9e5 elementor-position-left elementor-widget-image-box stl-image-box aleft elementor-widget elementor-widget-stl-info-box\" data-id=\"44ae9e5\" data-element_type=\"widget\" data-widget_type=\"stl-info-box.default\">\n\t\t\t\t<div class=\"elementor-widget-container\">\n\t\t\t\t\t<div class=\"stl-infobox\"><div class=\"stl-infobox_wrapper elementor-image-box-wrapper\"><div class=\"stl-infobox-icon_wrapper elementor-image-box-img\"><div class=\"stl-infobox-icon_container\"><figure class=\"stl-image-box_img\"><span ><img decoding=\"async\" width=\"80\" height=\"80\" src=\"https:\/\/vesta-ubezpieczenia.pl\/wp-content\/uploads\/2020\/08\/ceo-5.png\" class=\"attachment-full size-full wp-image-2369\" alt=\"\" \/><\/span><\/figure><\/div><\/div><div class=\"stl-infobox-content_wrapper elementor-image-box-content\"><div class=\"stl-infobox-title_wrapper\"><h4 class=\"stl-infobox_title\">Barbara Matusiak<\/h4><\/div><div class=\"stl-infobox_content\"><p>Prezes Zarz\u0105du<\/p><\/div><\/div><\/div><\/div>\t\t\t\t<\/div>\n\t\t\t\t<\/div>\n\t\t\t\t\t<\/div>\n\t\t<\/div>\n\t\t\t\t<div class=\"elementor-column elementor-col-50 elementor-inner-column elementor-element elementor-element-391469e\" data-id=\"391469e\" data-element_type=\"column\">\n\t\t\t<div class=\"elementor-widget-wrap elementor-element-populated\">\n\t\t\t\t\t\t<div class=\"elementor-element elementor-element-c1e7737 elementor-widget elementor-widget-image\" data-id=\"c1e7737\" data-element_type=\"widget\" data-widget_type=\"image.default\">\n\t\t\t\t\t\t\t\t\t\t\t\t\t\t\t<img decoding=\"async\" src=\"https:\/\/vesta-ubezpieczenia.pl\/wp-content\/uploads\/elementor\/thumbs\/signature-5-ri2po78nh0g4gntebn25sgik4ioqmwpnmem1o0hryy.png\" title=\"signature\" alt=\"signature\" loading=\"lazy\" \/>\t\t\t\t\t\t\t\t\t\t\t\t\t\t\t<\/div>\n\t\t\t\t\t<\/div>\n\t\t<\/div>\n\t\t\t\t\t<\/div>\n\t\t<\/section>\n\t\t\t\t\t<\/div>\n\t\t<\/div>\n\t\t\t\t\t<\/div>\n\t\t<\/section>\n\t\t\t\t<\/div>\n\t\t","protected":false},"excerpt":{"rendered":"<p>O NAS Multiagencja Ubezpieczeniowa Vesta Multiagencja Ubezpieczeniowa Vesta powsta\u0142a z my\u015bl\u0105 o osobach, kt\u00f3re oczekuj\u0105 od ubezpiecze\u0144 czego\u015b wi\u0119cej ni\u017c tylko polisy. Nasz\u0105 misj\u0105 jest realna ochrona klient\u00f3w, spok\u00f3j na co dzie\u0144 oraz pewno\u015b\u0107, \u017ce w trudnym momencie nie zostan\u0105 sami. W centrum wszystkich naszych dzia\u0142a\u0144 zawsze stawiamy dobro klienta, uczciwo\u015b\u0107 oraz najwy\u017csz\u0105 jako\u015b\u0107 obs\u0142ugi. [&hellip;]<\/p>\n","protected":false},"author":1,"featured_media":0,"parent":0,"menu_order":0,"comment_status":"closed","ping_status":"closed","template":"","meta":{"_monsterinsights_skip_tracking":false,"_monsterinsights_sitenote_active":false,"_monsterinsights_sitenote_note":"","_monsterinsights_sitenote_category":0,"footnotes":""},"class_list":["post-2885","page","type-page","status-publish","hentry"],"aioseo_notices":[],"_links":{"self":[{"href":"https:\/\/vesta-ubezpieczenia.pl\/index.php?rest_route=\/wp\/v2\/pages\/2885","targetHints":{"allow":["GET"]}}],"collection":[{"href":"https:\/\/vesta-ubezpieczenia.pl\/index.php?rest_route=\/wp\/v2\/pages"}],"about":[{"href":"https:\/\/vesta-ubezpieczenia.pl\/index.php?rest_route=\/wp\/v2\/types\/page"}],"author":[{"embeddable":true,"href":"https:\/\/vesta-ubezpieczenia.pl\/index.php?rest_route=\/wp\/v2\/users\/1"}],"replies":[{"embeddable":true,"href":"https:\/\/vesta-ubezpieczenia.pl\/index.php?rest_route=%2Fwp%2Fv2%2Fcomments&post=2885"}],"version-history":[{"count":48,"href":"https:\/\/vesta-ubezpieczenia.pl\/index.php?rest_route=\/wp\/v2\/pages\/2885\/revisions"}],"predecessor-version":[{"id":5985,"href":"https:\/\/vesta-ubezpieczenia.pl\/index.php?rest_route=\/wp\/v2\/pages\/2885\/revisions\/5985"}],"wp:attachment":[{"href":"https:\/\/vesta-ubezpieczenia.pl\/index.php?rest_route=%2Fwp%2Fv2%2Fmedia&parent=2885"}],"curies":[{"name":"wp","href":"https:\/\/api.w.org\/{rel}","templated":true}]}}